11
Let h(p) = p**3 + 7*p**2 - 11*p - 14. Calculate h(-8).
10
Let o(q) = 137*q**2 + 957*q - 11. What is o(-7)?
3
Let o(y) = 53*y + 59. Give o(-2).
-47
Let k(p) = -p**3 - 16*p**2 - 45*p + 152. Calculate k(-8).
0
Let p(c) = 41*c + 433. Determine p(-6).
187
Let z(u) = 128*u - 12036. What is z(94)?
-4
Let l(a) = -127*a - 6068. Determine l(-48).
28
Let i(k) = 6*k - 245. What is i(41)?
1
Let o(s) = -35*s - 563. Give o(-16).
-3
Let k(i) = -10*i - 3. Determine k(2).
-23
Let v(k) = -5*k**3 + 29*k**2 - 56*k + 167. What is v(5)?
-13
Let k(c) = 12*c**3 + 595*c**2 + 346*c + 165. Determine k(-49).
18
Let n(p) = 21*p + 1473. What is n(-70)?
3
Let w(o) = -26*o - 241. Determine w(-9).
-7
Let f(r) = 8*r + 179. Calculate f(-19).
27
Let y(a) = 2*a**2 + 124*a - 1952. Give y(-75).
-2
Let x(n) = -n**3 + 18*n**2 - 64*n + 26. Give x(14).
-86
Let l(t) = 9*t + 126. Determine l(39).
477
Let r(l) = -l**3 - 29*l**2 + 244*l - 285. Determine r(-36).
3
Let f(s) = -s**3 + 4*s**2 + 28*s - 97. What is f(5)?
18
Let r(z) = 2*z**3 + 53*z**2 + z + 813. Give r(-27).
57
Let c(d) = d**3 + 18*d**2 - 725*d - 819. What is c(-37)?
-5
Let q(f) = 3*f**2 - 13*f + 34. What is q(3)?
22
Let g(b) = -7*b**2 + 89*b + 8. Give g(13).
-18
Let j(y) = y**2 + 2806*y - 33818. Give j(12).
-2
Let g(m) = -m**3 + 2*m**2 + 14*m - 374. Calculate g(0).
-374
Let r(m) = -m**3 - m**2 + 34*m + 75. Give r(-2).
11
Let a(f) = 14*f + 203. Give a(-14).
7
Let x(p) = -p - 46. Determine x(4).
-50
Let i(h) = -6*h**2 + 61*h - 491. Determine i(10).
-481
Let p(w) = w**2 + 100*w - 2538. Determine p(-121).
3
Let u(x) = x**2 + 38*x + 285. Calculate u(-28).
5
Let n(v) = -130*v**2 + 860*v + 350. Give n(7).
0
Let q(i) = i**3 + 45*i**2 + 41*i - 92. Determine q(-44).
40
Let n(b) = -b**3 + 25*b**2 + 268*b + 29. Calculate n(-8).
-3
Let l(s) = 318*s + 2271. Give l(-7).
45
Let r(b) = -15*b**2 - 659*b + 36. Give r(-44).
-8
Let y(d) = 2*d**2 + 30*d - 150. Calculate y(5).
50
Let n(m) = 792*m + 3917. Give n(-5).
-43
Let r(d) = -2*d**2 - 324*d - 9589. Calculate r(-123).
5
Let x(w) = 2*w**2 + 1521*w - 3046. Calculate x(2).
4
Let x(t) = 39*t + 3860. What is x(-101)?
-79
Let k(x) = -6*x**3 + 8*x**2 + 33*x + 40. Determine k(-2).
54
Let c(z) = -z**3 + 36*z**2 + z + 66. What is c(36)?
102
Let j(i) = 408*i + 910. What is j(-2)?
94
Let a(b) = 2*b**2 - 18*b - 124. What is a(13)?
-20
Let x(f) = 7*f - 217. What is x(34)?
21
Let m(f) = -f**2 - 81*f - 725. Calculate m(-14).
213
Let y(t) = -t**3 + t**2 + 6*t - 5. Determine y(0).
-5
Let k(b) = b**2 + 150*b + 4669. What is k(-106)?
5
Let c(s) = -s**3 + 14*s**2 - 22*s + 213. Determine c(13).
96
Let b(k) = -8*k**2 + 503*k - 3074. Determine b(56).
6
Let m(c) = -18*c + 430. Determine m(17).
124
Let o(q) = -3*q**2 - 40*q - 167. What is o(-5)?
-42
Let v(f) = -f**3 + 50*f**2 + 271*f + 204. What is v(55)?
-16
Let t(n) = -605*n - 9075. Calculate t(-15).
0
Let q(w) = 2*w**2 + 11*w - 29. Give q(-8).
11
Let o(w) = -w**3 + 8*w**2 - 5*w - 9. What is o(8)?
-49
Let n(z) = 16*z**3 + 14*z**2 + 23*z - 12. Determine n(-3).
-387
Let o(q) = q**2 + 53*q + 146. What is o(-50)?
-4
Let m(u) = -3*u**2 + 161*u + 279. Give m(55).
59
Let s(i) = -403*i - 27367. What is s(-68)?
37
Let l(c) = -56*c - 195. Determine l(-2).
-83
Let x(j) = -2*j**2 - 67*j + 166. Determine x(-36).
-14
Let j(l) = 47*l**2 - 3622*l + 109. Calculate j(77).
-122
Let i(b) = 2*b**3 + 18*b**2 - 5*b - 90. Calculate i(-9).
-45
Let m(i) = i**3 - i**2 - 15*i - 15. Determine m(5).
10
Let v(n) = -n**3 - 46*n**2 + 94*n - 122. Give v(-48).
-26
Let a(v) = -v**2 - 11*v + 86. Determine a(-18).
-40
Let c(l) = -223*l + 1106. Give c(5).
-9
Let c(v) = -42*v**2 + 250*v + 7. Give c(6).
-5
Let b(u) = 2*u**2 + 413*u - 3051. What is b(7)?
-62
Let i(b) = -12*b**2 - 1917*b - 3321. Calculate i(-158).
-3
Let n(m) = -673*m - 9370. Calculate n(-14).
52
Let s(m) = 3*m**3 + 76*m**2 + 20*m - 24. Calculate s(-25).
101
Let t(s) = 60*s + 630. Determine t(-11).
-30
Let z(h) = -h**3 - 7*h**2 + 129*h - 51. What is z(-16)?
189
Let i(y) = 2293*y - 13787. Calculate i(6).
-29
Let f(l) = 37*l**2 + 16*l - 12. Calculate f(-1).
9
Let b(j) = -3*j**3 - 27*j**2 - 70*j - 7. What is b(-7)?
189
Let t(d) = -2572*d - 18044. Calculate t(-7).
-40
Let i(m) = m**2 + 271*m - 1914. Give i(7).
32
Let s(f) = -21*f**3 - 1535*f**2 - 136*f + 732. Give s(-73).
2
Let m(b) = -26*b - 9. Calculate m(-6).
147
Let r(i) = 3*i**2 - 30*i - 99. What is r(13)?
18
Let c(g) = 11*g**3 - 419*g**2 + 32*g + 217. Determine c(38).
-11
Let r(b) = b**2 - 224*b - 6780. What is r(251)?
-3
Let z(y) = 1113*y + 8925. Calculate z(-8).
21
Let a(f) = -f**3 + 6*f**2 - 22*f + 42. What is a(3)?
3
Let v(o) = -21*o**3 - 3*o**2 + 4*o + 3. What is v(-1)?
17
Let o(x) = -x**3 - 41*x**2 - 152*x - 12. Calculate o(-37).
136
Let c(q) = 363*q - 2535. What is c(6)?
-357
Let f(l) = -l**3 - 77*l**2 - 429*l - 187. Give f(-71).
26
Let f(h) = -h**3 - 33*h**2 - 41*h - 219. Determine f(-32).
69
Let v(t) = t**2 - 10*t - 184. What is v(20)?
16
Let h(w) = 7*w**2 + 10*w - 15. Calculate h(-3).
18
Let d(b) = -b**3 - 243*b**2 - 2332*b - 479. Give d(-233).
-13
Let r(m) = -m**2 - 23*m - 229. Determine r(-17).
-127
Let c(y) = -3*y**2 - 39*y - 23. What is c(-6)?
103
Let j(w) = -2*w**2 - 29*w + 295. Calculate j(7).
-6
Let j(a) = -103*a**2 + 1238*a - 21. Determine j(12).
3
Let k(v) = -55*v**3 + 3*v + 4. Determine k(-1).
56
Let c(l) = 6*l**2 - 14*l - 134. Calculate c(-4).
18
Let t(g) = -g**2 - 60*g - 746. What is t(-25)?
129
Let v(b) = -23*b - 266. Determine v(-12).
10
Let q(z) = -8*z**3 + 119*z**2 - 100*z + 18. Give q(14).
-10
Let d(b) = 46*b**2 + 296*b - 12. What is d(-6)?
-132
Let z(h) = -h**3 - 7*h**2 + 2*h - 6. Calculate z(-6).
-54
Let u(x) = 6*x**3 + 31*x**2 + 54*x - 10. Determine u(-2).
-42
Let g(l) = -24*l**3 + 36*l**2 - 3*l - 7. What is g(2)?
-61
Let g(y) = -140*y - 1689. Determine g(-12).
-9
Let f(r) = -6*r + 130. Determine f(25).
-20
Let f(u) = -3977*u + 11932. Calculate f(3).
1
Let q(f) = 2*f**2 + f - 23. Determine q(12).
277
Let t(z) = -5*z**2 - 67*z - 23. Calculate t(-8).
193
Let d(g) = -g**2 - 33*g + 168. Calculate d(-30).
258
Let q(a) = 7*a - 25. What is q(-2)?
-39
Let f(p) = -5*p**3 + 37*p**2 + 75*p - 27. Calculate f(9).
0
Let a(h) = -18537*h + 18541. Calculate a(1).
4
Let b(s) = 49*s + 4728. Calculate b(-96).
24
Let t(o) = -37*o**3 - 1. What is t(1)?
-38
Let u(h) = -2*h**3 + 16*h**2 + 3*h - 13. Give u(-1).
2
Let v(x) = -12*x - 1. Determine v(17).
-205
Let m(w) = -6*w**2 - 25*w + 36. Calculate m(-6).
-30
Let t(y) = -10*y**2 - 3*y + 62. Calculate t(3).
-37
Let s(c) = c**3 + 22*c**2 + 937*c + 19240. Give s(-21).
4
Let i(q) = 6*q**2 - 161*q + 132. Calculate i(26).
2
Let h(f) = -f**3 - f**2 + 35*f - 72. What is h(4)?
-12
Let i(v) = v**2 + 52*v + 61. Calculate i(-46).
-215
Let f(p) = 12*p**2 + 241*p + 260. What is f(-19)?
13
Let f(p) = -43*p**2 - 30*p + 2. Give f(-2).
-110
Let b(u) = 10*u**3 - 901*u**2 + 91*u - 65. Calculate b(90).
25
Let b(p) = -2*p**2 - 52*p + 234. Give b(-30).
-6
Let c(p) = 654*p**3 - 6*p**2 - 3*p + 5. Give c(1).
650
Let g(v) = -v**3 - 31*v**2 - 57*v - 99. Determine g(-29).
-128
Let y(i) = 92*i - 2314. Calculate y(25).
-14
Let u(f) = -4*f**3 + 2*f**2 + 7*f + 8. Calculate u(0).
8
Let d(y) = 47*y - 615. Determine d(-9).
-1038
Let d(f) = 2*f**2 + 17*f + 9. Give d(-5).
-26
Let l(j) = -2*j**2 + 203*j - 955. Determine l(5).
10
Let s(i) = -i**3 - 11*i**2 + 69. Calculate s(-10).
-31
Let v(a) = -92*a + 4417. Calculate v(48).
1
Let m(u) = -u**3 + 45*u**2 + 68*u - 248. Give m(46).
764
Let y(f) = -f**3 - 46*f**2 + 95*f - 75. Give y(-48).
-27
Let v(d) = -d**3 - 20*d**2 + 13*d + 600. What is v(-19)?
-8
Let u(z) = -951*z + 7557. Give u(8).
-51
Let d(h) = 3*h**3 + 3*h**2 + 2*h + 18. Calculate d(-4).
-134
Let h(o) = -3*o**2 + 9*o - 97. Determine h(7).
-181
Let t(l) = l**2 + 76*l + 409. What is t(-6)?
-11
Let z(x) = -x**2 - 79*x - 143. Give z(-3).
85
Let x(h) = h**3 - 21*h**2 + 67*h - 17. Determine x(16).
-225
Let c(t) = t**3 + 20*t**2 + 33*t + 63. What is c(-15)?
693
Let p(b) = 80*b + 2597. Give p(-30).
197
Let j(w) = 12671*w + 76015. Calculate j(-6).
-11
Let h(d) = -d**2 - 66868*d - 66869. Calculate h(-1).
-2
Let d(r) = -r**2 - 5*r - 17. Calculate d(0).
-17
Let h(p) = 2*p**3 - 2*p**2 + 171*p + 355. What is h(-2)?
-11
Let k(z) = 25*z + 164. Calculate k(-6).
14
Let z(l) = -22*l +